{"version":"1.0","provider_name":"Kapitalis","provider_url":"https:\/\/kapitalis.com\/tunisie","title":"Bardo: Les magistrats protestent devant l\u2019Assembl\u00e9e - Kapitalis","type":"rich","width":600,"height":338,"html":"<blockquote class=\"wp-embedded-content\" data-secret=\"Sdm1D7lH3U\"><a href=\"https:\/\/kapitalis.com\/tunisie\/2015\/05\/13\/bardo-les-magistrats-protestent-devant-lassemblee\/\">Bardo: Les magistrats protestent devant l\u2019Assembl\u00e9e<\/a><\/blockquote><iframe sandbox=\"allow-scripts\" security=\"restricted\" src=\"https:\/\/kapitalis.com\/tunisie\/2015\/05\/13\/bardo-les-magistrats-protestent-devant-lassemblee\/embed\/#?secret=Sdm1D7lH3U\" width=\"600\" height=\"338\" title=\"\u00ab\u00a0Bardo: Les magistrats protestent devant l\u2019Assembl\u00e9e\u00a0\u00bb &#8212; Kapitalis\" data-secret=\"Sdm1D7lH3U\" frameborder=\"0\" marginwidth=\"0\" marginheight=\"0\" scrolling=\"no\" class=\"wp-embedded-content\"><\/iframe><script type=\"text\/javascript\">\n\/* <![CDATA[ *\/\n\/*! This file is auto-generated *\/\n!function(d,l){\"use strict\";l.querySelector&&d.addEventListener&&\"undefined\"!=typeof URL&&(d.wp=d.wp||{},d.wp.receiveEmbedMessage||(d.wp.receiveEmbedMessage=function(e){var t=e.data;if((t||t.secret||t.message||t.value)&&!\/[^a-zA-Z0-9]\/.test(t.secret)){for(var s,r,n,a=l.querySelectorAll('iframe[data-secret=\"'+t.secret+'\"]'),o=l.querySelectorAll('blockquote[data-secret=\"'+t.secret+'\"]'),c=new RegExp(\"^https?:$\",\"i\"),i=0;i<o.length;i++)o[i].style.display=\"none\";for(i=0;i<a.length;i++)s=a[i],e.source===s.contentWindow&&(s.removeAttribute(\"style\"),\"height\"===t.message?(1e3<(r=parseInt(t.value,10))?r=1e3:~~r<200&&(r=200),s.height=r):\"link\"===t.message&&(r=new URL(s.getAttribute(\"src\")),n=new URL(t.value),c.test(n.protocol))&&n.host===r.host&&l.activeElement===s&&(d.top.location.href=t.value))}},d.addEventListener(\"message\",d.wp.receiveEmbedMessage,!1),l.addEventListener(\"DOMContentLoaded\",function(){for(var e,t,s=l.querySelectorAll(\"iframe.wp-embedded-content\"),r=0;r<s.length;r++)(t=(e=s[r]).getAttribute(\"data-secret\"))||(t=Math.random().toString(36).substring(2,12),e.src+=\"#?secret=\"+t,e.setAttribute(\"data-secret\",t)),e.contentWindow.postMessage({message:\"ready\",secret:t},\"*\")},!1)))}(window,document);\n\/\/# sourceURL=https:\/\/kapitalis.com\/tunisie\/wp-includes\/js\/wp-embed.min.js\n\/* ]]> *\/\n<\/script>\n","description":"Les magistrats ont protest\u00e9, aujourd\u2019hui, devant le si\u00e8ge de l\u2019Assembl\u00e9e, \u00e0 Tunis, contre le projet de la loi relatif \u00e0 la cr\u00e9ation d\u2019un Conseil sup\u00e9rieur de la magistrature (CSM). En gr\u00e8ve depuis lundi dernier et pour 5 jours, suite \u00e0 l\u2019appel de l\u2019Association des magistrats tunisiens (AMT), pour protester contre le projet de loi portant...","thumbnail_url":"http:\/\/kapitalis.net\/wordpress\/wp-content\/uploads\/2015\/05\/justice-tunisie.jpg"}

Bardo: Les magistrats protestent devant l’Assemblée - Kapitalis

<blockquote class="wp-embedded-content" data-secret="Sdm1D7lH3U"><a href="https://kapitalis.com/tunisie/2015/05/13/bardo-les-magistrats-protestent-devant-lassemblee/">Bardo: Les magistrats protestent devant l’Assemblée</a></blockquote><iframe sandbox="allow-scripts" security="restricted" src="https://kapitalis.com/tunisie/2015/05/13/bardo-les-magistrats-protestent-devant-lassemblee/embed/#?secret=Sdm1D7lH3U" width="600" height="338" title="« Bardo: Les magistrats protestent devant l’Assemblée » &#8212; Kapitalis" data-secret="Sdm1D7lH3U" frameborder="0" marginwidth="0" marginheight="0" scrolling="no" class="wp-embedded-content"></iframe><script type="text/javascript">
/* <![CDATA[ */
/*! This file is auto-generated */
!function(d,l){"use strict";l.querySelector&&d.addEventListener&&"undefined"!=typeof URL&&(d.wp=d.wp||{},d.wp.receiveEmbedMessage||(d.wp.receiveEmbedMessage=function(e){var t=e.data;if((t||t.secret||t.message||t.value)&&!/[^a-zA-Z0-9]/.test(t.secret)){for(var s,r,n,a=l.querySelectorAll('iframe[data-secret="'+t.secret+'"]'),o=l.querySelectorAll('blockquote[data-secret="'+t.secret+'"]'),c=new RegExp("^https?:$","i"),i=0;i<o.length;i++)o[i].style.display="none";for(i=0;i<a.length;i++)s=a[i],e.source===s.contentWindow&&(s.removeAttribute("style"),"height"===t.message?(1e3<(r=parseInt(t.value,10))?r=1e3:~~r<200&&(r=200),s.height=r):"link"===t.message&&(r=new URL(s.getAttribute("src")),n=new URL(t.value),c.test(n.protocol))&&n.host===r.host&&l.activeElement===s&&(d.top.location.href=t.value))}},d.addEventListener("message",d.wp.receiveEmbedMessage,!1),l.addEventListener("DOMContentLoaded",function(){for(var e,t,s=l.querySelectorAll("iframe.wp-embedded-content"),r=0;r<s.length;r++)(t=(e=s[r]).getAttribute("data-secret"))||(t=Math.random().toString(36).substring(2,12),e.src+="#?secret="+t,e.setAttribute("data-secret",t)),e.contentWindow.postMessage({message:"ready",secret:t},"*")},!1)))}(window,document);
//# sourceURL=https://kapitalis.com/tunisie/wp-includes/js/wp-embed.min.js
/* ]]> */
</script>

Les magistrats ont protesté, aujourd’hui, devant le siège de l’Assemblée, à Tunis, contre le projet de la loi relatif à la création d’un Conseil supérieur de la magistrature (CSM). En grève depuis lundi dernier et pour 5 jours, suite à l’appel de l’Association des magistrats tunisiens (AMT), pour protester contre le projet de loi portant...
