{"version":"1.0","provider_name":"Kapitalis","provider_url":"https:\/\/kapitalis.com\/tunisie","title":"Orange d\u00e9cerne Prix de l\u2019Entrepreneur Social en Tunisie - Kapitalis","type":"rich","width":600,"height":338,"html":"<blockquote class=\"wp-embedded-content\" data-secret=\"kbxoxIo3uM\"><a href=\"https:\/\/kapitalis.com\/tunisie\/2015\/05\/21\/orange-decerne-prix-de-lentrepreneur-social-en-tunisie\/\">Orange d\u00e9cerne Prix de l\u2019Entrepreneur Social en Tunisie<\/a><\/blockquote><iframe sandbox=\"allow-scripts\" security=\"restricted\" src=\"https:\/\/kapitalis.com\/tunisie\/2015\/05\/21\/orange-decerne-prix-de-lentrepreneur-social-en-tunisie\/embed\/#?secret=kbxoxIo3uM\" width=\"600\" height=\"338\" title=\"\u00ab\u00a0Orange d\u00e9cerne Prix de l\u2019Entrepreneur Social en Tunisie\u00a0\u00bb &#8212; Kapitalis\" data-secret=\"kbxoxIo3uM\" frameborder=\"0\" marginwidth=\"0\" marginheight=\"0\" scrolling=\"no\" class=\"wp-embedded-content\"><\/iframe><script type=\"text\/javascript\">\n\/* <![CDATA[ *\/\n\/*! This file is auto-generated *\/\n!function(d,l){\"use strict\";l.querySelector&&d.addEventListener&&\"undefined\"!=typeof URL&&(d.wp=d.wp||{},d.wp.receiveEmbedMessage||(d.wp.receiveEmbedMessage=function(e){var t=e.data;if((t||t.secret||t.message||t.value)&&!\/[^a-zA-Z0-9]\/.test(t.secret)){for(var s,r,n,a=l.querySelectorAll('iframe[data-secret=\"'+t.secret+'\"]'),o=l.querySelectorAll('blockquote[data-secret=\"'+t.secret+'\"]'),c=new RegExp(\"^https?:$\",\"i\"),i=0;i<o.length;i++)o[i].style.display=\"none\";for(i=0;i<a.length;i++)s=a[i],e.source===s.contentWindow&&(s.removeAttribute(\"style\"),\"height\"===t.message?(1e3<(r=parseInt(t.value,10))?r=1e3:~~r<200&&(r=200),s.height=r):\"link\"===t.message&&(r=new URL(s.getAttribute(\"src\")),n=new URL(t.value),c.test(n.protocol))&&n.host===r.host&&l.activeElement===s&&(d.top.location.href=t.value))}},d.addEventListener(\"message\",d.wp.receiveEmbedMessage,!1),l.addEventListener(\"DOMContentLoaded\",function(){for(var e,t,s=l.querySelectorAll(\"iframe.wp-embedded-content\"),r=0;r<s.length;r++)(t=(e=s[r]).getAttribute(\"data-secret\"))||(t=Math.random().toString(36).substring(2,12),e.src+=\"#?secret=\"+t,e.setAttribute(\"data-secret\",t)),e.contentWindow.postMessage({message:\"ready\",secret:t},\"*\")},!1)))}(window,document);\n\/\/# sourceURL=https:\/\/kapitalis.com\/tunisie\/wp-includes\/js\/wp-embed.min.js\n\/* ]]> *\/\n<\/script>\n","description":"Orange lance la 5e \u00e9dition du Prix de l\u2019Entrepreneur Social en Afrique, avec une nouveaut\u00e9 cette ann\u00e9e, un prix national d\u00e9cern\u00e9 par Orange Tunisie. Orange s\u2019engage \u00e0 contribuer au d\u00e9veloppement en s\u2019appuyant sur les nouvelles technologies et en proposant des solutions innovantes adapt\u00e9es aux besoins du march\u00e9. Cette initiative, qui s\u2019int\u00e8gre dans la strat\u00e9gie d\u2019innovation...","thumbnail_url":"http:\/\/kapitalis.net\/wordpress\/wp-content\/uploads\/2015\/05\/Orange.jpg"}

Orange décerne Prix de l’Entrepreneur Social en Tunisie - Kapitalis

<blockquote class="wp-embedded-content" data-secret="kbxoxIo3uM"><a href="https://kapitalis.com/tunisie/2015/05/21/orange-decerne-prix-de-lentrepreneur-social-en-tunisie/">Orange décerne Prix de l’Entrepreneur Social en Tunisie</a></blockquote><iframe sandbox="allow-scripts" security="restricted" src="https://kapitalis.com/tunisie/2015/05/21/orange-decerne-prix-de-lentrepreneur-social-en-tunisie/embed/#?secret=kbxoxIo3uM" width="600" height="338" title="« Orange décerne Prix de l’Entrepreneur Social en Tunisie » &#8212; Kapitalis" data-secret="kbxoxIo3uM" frameborder="0" marginwidth="0" marginheight="0" scrolling="no" class="wp-embedded-content"></iframe><script type="text/javascript">
/* <![CDATA[ */
/*! This file is auto-generated */
!function(d,l){"use strict";l.querySelector&&d.addEventListener&&"undefined"!=typeof URL&&(d.wp=d.wp||{},d.wp.receiveEmbedMessage||(d.wp.receiveEmbedMessage=function(e){var t=e.data;if((t||t.secret||t.message||t.value)&&!/[^a-zA-Z0-9]/.test(t.secret)){for(var s,r,n,a=l.querySelectorAll('iframe[data-secret="'+t.secret+'"]'),o=l.querySelectorAll('blockquote[data-secret="'+t.secret+'"]'),c=new RegExp("^https?:$","i"),i=0;i<o.length;i++)o[i].style.display="none";for(i=0;i<a.length;i++)s=a[i],e.source===s.contentWindow&&(s.removeAttribute("style"),"height"===t.message?(1e3<(r=parseInt(t.value,10))?r=1e3:~~r<200&&(r=200),s.height=r):"link"===t.message&&(r=new URL(s.getAttribute("src")),n=new URL(t.value),c.test(n.protocol))&&n.host===r.host&&l.activeElement===s&&(d.top.location.href=t.value))}},d.addEventListener("message",d.wp.receiveEmbedMessage,!1),l.addEventListener("DOMContentLoaded",function(){for(var e,t,s=l.querySelectorAll("iframe.wp-embedded-content"),r=0;r<s.length;r++)(t=(e=s[r]).getAttribute("data-secret"))||(t=Math.random().toString(36).substring(2,12),e.src+="#?secret="+t,e.setAttribute("data-secret",t)),e.contentWindow.postMessage({message:"ready",secret:t},"*")},!1)))}(window,document);
//# sourceURL=https://kapitalis.com/tunisie/wp-includes/js/wp-embed.min.js
/* ]]> */
</script>

Orange lance la 5e édition du Prix de l’Entrepreneur Social en Afrique, avec une nouveauté cette année, un prix national décerné par Orange Tunisie. Orange s’engage à contribuer au développement en s’appuyant sur les nouvelles technologies et en proposant des solutions innovantes adaptées aux besoins du marché. Cette initiative, qui s’intègre dans la stratégie d’innovation...
