{"version":"1.0","provider_name":"Kapitalis","provider_url":"https:\/\/kapitalis.com\/tunisie","title":"Th\u00e9\u00e2tre : Lamine Nahdi de retour au Bataclan avec \u2018\u2018Nmout 3lik\u2019\u2019 - Kapitalis","type":"rich","width":600,"height":338,"html":"<blockquote class=\"wp-embedded-content\" data-secret=\"nWXqYsjwnH\"><a href=\"https:\/\/kapitalis.com\/tunisie\/2017\/12\/30\/theatre-lamine-nahdi-de-retour-bataclan-nmout-3lik\/\">Th\u00e9\u00e2tre : Lamine Nahdi de retour au Bataclan avec \u2018\u2018Nmout 3lik\u2019\u2019<\/a><\/blockquote><iframe sandbox=\"allow-scripts\" security=\"restricted\" src=\"https:\/\/kapitalis.com\/tunisie\/2017\/12\/30\/theatre-lamine-nahdi-de-retour-bataclan-nmout-3lik\/embed\/#?secret=nWXqYsjwnH\" width=\"600\" height=\"338\" title=\"\u00ab\u00a0Th\u00e9\u00e2tre : Lamine Nahdi de retour au Bataclan avec \u2018\u2018Nmout 3lik\u2019\u2019\u00a0\u00bb &#8212; Kapitalis\" data-secret=\"nWXqYsjwnH\" frameborder=\"0\" marginwidth=\"0\" marginheight=\"0\" scrolling=\"no\" class=\"wp-embedded-content\"><\/iframe><script type=\"text\/javascript\">\n\/* <![CDATA[ *\/\n\/*! This file is auto-generated *\/\n!function(d,l){\"use strict\";l.querySelector&&d.addEventListener&&\"undefined\"!=typeof URL&&(d.wp=d.wp||{},d.wp.receiveEmbedMessage||(d.wp.receiveEmbedMessage=function(e){var t=e.data;if((t||t.secret||t.message||t.value)&&!\/[^a-zA-Z0-9]\/.test(t.secret)){for(var s,r,n,a=l.querySelectorAll('iframe[data-secret=\"'+t.secret+'\"]'),o=l.querySelectorAll('blockquote[data-secret=\"'+t.secret+'\"]'),c=new RegExp(\"^https?:$\",\"i\"),i=0;i<o.length;i++)o[i].style.display=\"none\";for(i=0;i<a.length;i++)s=a[i],e.source===s.contentWindow&&(s.removeAttribute(\"style\"),\"height\"===t.message?(1e3<(r=parseInt(t.value,10))?r=1e3:~~r<200&&(r=200),s.height=r):\"link\"===t.message&&(r=new URL(s.getAttribute(\"src\")),n=new URL(t.value),c.test(n.protocol))&&n.host===r.host&&l.activeElement===s&&(d.top.location.href=t.value))}},d.addEventListener(\"message\",d.wp.receiveEmbedMessage,!1),l.addEventListener(\"DOMContentLoaded\",function(){for(var e,t,s=l.querySelectorAll(\"iframe.wp-embedded-content\"),r=0;r<s.length;r++)(t=(e=s[r]).getAttribute(\"data-secret\"))||(t=Math.random().toString(36).substring(2,12),e.src+=\"#?secret=\"+t,e.setAttribute(\"data-secret\",t)),e.contentWindow.postMessage({message:\"ready\",secret:t},\"*\")},!1)))}(window,document);\n\/\/# sourceURL=https:\/\/kapitalis.com\/tunisie\/wp-includes\/js\/wp-embed.min.js\n\/* ]]> *\/\n<\/script>\n","description":"Lamine Nahdi et Moncef Dhouib reprennent la collaboration avec\u00a0\u2018\u2018Nmout 3lik\u2019\u2019\u00a0. Lamine Nahdi effectuera son grand retour au Bataclan \u00e0 Paris le samedi 27 janvier 2018 pour pr\u00e9senter en avant premi\u00e8re \u2018\u2018Nmout 3lik\u2019\u2019.","thumbnail_url":"http:\/\/kapitalis.com\/tunisie\/wp-content\/uploads\/2016\/02\/Lamine-Nahdi-et-Moncef-Dhouib.jpg"}

Théâtre : Lamine Nahdi de retour au Bataclan avec ‘‘Nmout 3lik’’ - Kapitalis

<blockquote class="wp-embedded-content" data-secret="nWXqYsjwnH"><a href="https://kapitalis.com/tunisie/2017/12/30/theatre-lamine-nahdi-de-retour-bataclan-nmout-3lik/">Théâtre : Lamine Nahdi de retour au Bataclan avec ‘‘Nmout 3lik’’</a></blockquote><iframe sandbox="allow-scripts" security="restricted" src="https://kapitalis.com/tunisie/2017/12/30/theatre-lamine-nahdi-de-retour-bataclan-nmout-3lik/embed/#?secret=nWXqYsjwnH" width="600" height="338" title="« Théâtre : Lamine Nahdi de retour au Bataclan avec ‘‘Nmout 3lik’’ » &#8212; Kapitalis" data-secret="nWXqYsjwnH" frameborder="0" marginwidth="0" marginheight="0" scrolling="no" class="wp-embedded-content"></iframe><script type="text/javascript">
/* <![CDATA[ */
/*! This file is auto-generated */
!function(d,l){"use strict";l.querySelector&&d.addEventListener&&"undefined"!=typeof URL&&(d.wp=d.wp||{},d.wp.receiveEmbedMessage||(d.wp.receiveEmbedMessage=function(e){var t=e.data;if((t||t.secret||t.message||t.value)&&!/[^a-zA-Z0-9]/.test(t.secret)){for(var s,r,n,a=l.querySelectorAll('iframe[data-secret="'+t.secret+'"]'),o=l.querySelectorAll('blockquote[data-secret="'+t.secret+'"]'),c=new RegExp("^https?:$","i"),i=0;i<o.length;i++)o[i].style.display="none";for(i=0;i<a.length;i++)s=a[i],e.source===s.contentWindow&&(s.removeAttribute("style"),"height"===t.message?(1e3<(r=parseInt(t.value,10))?r=1e3:~~r<200&&(r=200),s.height=r):"link"===t.message&&(r=new URL(s.getAttribute("src")),n=new URL(t.value),c.test(n.protocol))&&n.host===r.host&&l.activeElement===s&&(d.top.location.href=t.value))}},d.addEventListener("message",d.wp.receiveEmbedMessage,!1),l.addEventListener("DOMContentLoaded",function(){for(var e,t,s=l.querySelectorAll("iframe.wp-embedded-content"),r=0;r<s.length;r++)(t=(e=s[r]).getAttribute("data-secret"))||(t=Math.random().toString(36).substring(2,12),e.src+="#?secret="+t,e.setAttribute("data-secret",t)),e.contentWindow.postMessage({message:"ready",secret:t},"*")},!1)))}(window,document);
//# sourceURL=https://kapitalis.com/tunisie/wp-includes/js/wp-embed.min.js
/* ]]> */
</script>

Lamine Nahdi et Moncef Dhouib reprennent la collaboration avec ‘‘Nmout 3lik’’ . Lamine Nahdi effectuera son grand retour au Bataclan à Paris le samedi 27 janvier 2018 pour présenter en avant première ‘‘Nmout 3lik’’.
