{"version":"1.0","provider_name":"Kapitalis","provider_url":"https:\/\/kapitalis.com\/tunisie","title":"Diplomatie\u00a0: L\u2019ambassade suisse \u00e0 Tunis inaugure son nouveau si\u00e8ge - Kapitalis","type":"rich","width":600,"height":338,"html":"<blockquote class=\"wp-embedded-content\" data-secret=\"CFAWxrbQXv\"><a href=\"https:\/\/kapitalis.com\/tunisie\/2018\/06\/29\/diplomatie-lambassade-suisse-en-tunisie-change-dadresse\/\">Diplomatie\u00a0: L\u2019ambassade suisse \u00e0 Tunis inaugure son nouveau si\u00e8ge<\/a><\/blockquote><iframe sandbox=\"allow-scripts\" security=\"restricted\" src=\"https:\/\/kapitalis.com\/tunisie\/2018\/06\/29\/diplomatie-lambassade-suisse-en-tunisie-change-dadresse\/embed\/#?secret=CFAWxrbQXv\" width=\"600\" height=\"338\" title=\"\u00ab\u00a0Diplomatie\u00a0: L\u2019ambassade suisse \u00e0 Tunis inaugure son nouveau si\u00e8ge\u00a0\u00bb &#8212; Kapitalis\" data-secret=\"CFAWxrbQXv\" frameborder=\"0\" marginwidth=\"0\" marginheight=\"0\" scrolling=\"no\" class=\"wp-embedded-content\"><\/iframe><script type=\"text\/javascript\">\n\/* <![CDATA[ *\/\n\/*! This file is auto-generated *\/\n!function(d,l){\"use strict\";l.querySelector&&d.addEventListener&&\"undefined\"!=typeof URL&&(d.wp=d.wp||{},d.wp.receiveEmbedMessage||(d.wp.receiveEmbedMessage=function(e){var t=e.data;if((t||t.secret||t.message||t.value)&&!\/[^a-zA-Z0-9]\/.test(t.secret)){for(var s,r,n,a=l.querySelectorAll('iframe[data-secret=\"'+t.secret+'\"]'),o=l.querySelectorAll('blockquote[data-secret=\"'+t.secret+'\"]'),c=new RegExp(\"^https?:$\",\"i\"),i=0;i<o.length;i++)o[i].style.display=\"none\";for(i=0;i<a.length;i++)s=a[i],e.source===s.contentWindow&&(s.removeAttribute(\"style\"),\"height\"===t.message?(1e3<(r=parseInt(t.value,10))?r=1e3:~~r<200&&(r=200),s.height=r):\"link\"===t.message&&(r=new URL(s.getAttribute(\"src\")),n=new URL(t.value),c.test(n.protocol))&&n.host===r.host&&l.activeElement===s&&(d.top.location.href=t.value))}},d.addEventListener(\"message\",d.wp.receiveEmbedMessage,!1),l.addEventListener(\"DOMContentLoaded\",function(){for(var e,t,s=l.querySelectorAll(\"iframe.wp-embedded-content\"),r=0;r<s.length;r++)(t=(e=s[r]).getAttribute(\"data-secret\"))||(t=Math.random().toString(36).substring(2,12),e.src+=\"#?secret=\"+t,e.setAttribute(\"data-secret\",t)),e.contentWindow.postMessage({message:\"ready\",secret:t},\"*\")},!1)))}(window,document);\n\/\/# sourceURL=https:\/\/kapitalis.com\/tunisie\/wp-includes\/js\/wp-embed.min.js\n\/* ]]> *\/\n<\/script>\n","thumbnail_url":"https:\/\/kapitalis.com\/tunisie\/wp-content\/uploads\/2022\/05\/kapitalis-logo-fb.png","thumbnail_width":1200,"thumbnail_height":630,"description":"Son\u00a0excellence Rita Adam coupe le ruban rouge.\u00a0 Les Suisses en Tunisie ou ceux qui ont affaire avec l\u2019ambassade de la Conf\u00e9d\u00e9ration Suisse seront d\u00e9sormais accueillis dans le nouveau b\u00e2timent sis \u00e0 la zone d\u2019affaires de Kheireddine, au Kram, dans la banlieue nord de Tunis. Par Zohra Abid"}

Diplomatie : L’ambassade suisse à Tunis inaugure son nouveau siège - Kapitalis

<blockquote class="wp-embedded-content" data-secret="CFAWxrbQXv"><a href="https://kapitalis.com/tunisie/2018/06/29/diplomatie-lambassade-suisse-en-tunisie-change-dadresse/">Diplomatie : L’ambassade suisse à Tunis inaugure son nouveau siège</a></blockquote><iframe sandbox="allow-scripts" security="restricted" src="https://kapitalis.com/tunisie/2018/06/29/diplomatie-lambassade-suisse-en-tunisie-change-dadresse/embed/#?secret=CFAWxrbQXv" width="600" height="338" title="« Diplomatie : L’ambassade suisse à Tunis inaugure son nouveau siège » &#8212; Kapitalis" data-secret="CFAWxrbQXv" frameborder="0" marginwidth="0" marginheight="0" scrolling="no" class="wp-embedded-content"></iframe><script type="text/javascript">
/* <![CDATA[ */
/*! This file is auto-generated */
!function(d,l){"use strict";l.querySelector&&d.addEventListener&&"undefined"!=typeof URL&&(d.wp=d.wp||{},d.wp.receiveEmbedMessage||(d.wp.receiveEmbedMessage=function(e){var t=e.data;if((t||t.secret||t.message||t.value)&&!/[^a-zA-Z0-9]/.test(t.secret)){for(var s,r,n,a=l.querySelectorAll('iframe[data-secret="'+t.secret+'"]'),o=l.querySelectorAll('blockquote[data-secret="'+t.secret+'"]'),c=new RegExp("^https?:$","i"),i=0;i<o.length;i++)o[i].style.display="none";for(i=0;i<a.length;i++)s=a[i],e.source===s.contentWindow&&(s.removeAttribute("style"),"height"===t.message?(1e3<(r=parseInt(t.value,10))?r=1e3:~~r<200&&(r=200),s.height=r):"link"===t.message&&(r=new URL(s.getAttribute("src")),n=new URL(t.value),c.test(n.protocol))&&n.host===r.host&&l.activeElement===s&&(d.top.location.href=t.value))}},d.addEventListener("message",d.wp.receiveEmbedMessage,!1),l.addEventListener("DOMContentLoaded",function(){for(var e,t,s=l.querySelectorAll("iframe.wp-embedded-content"),r=0;r<s.length;r++)(t=(e=s[r]).getAttribute("data-secret"))||(t=Math.random().toString(36).substring(2,12),e.src+="#?secret="+t,e.setAttribute("data-secret",t)),e.contentWindow.postMessage({message:"ready",secret:t},"*")},!1)))}(window,document);
//# sourceURL=https://kapitalis.com/tunisie/wp-includes/js/wp-embed.min.js
/* ]]> */
</script>

Son excellence Rita Adam coupe le ruban rouge.  Les Suisses en Tunisie ou ceux qui ont affaire avec l’ambassade de la Confédération Suisse seront désormais accueillis dans le nouveau bâtiment sis à la zone d’affaires de Kheireddine, au Kram, dans la banlieue nord de Tunis. Par Zohra Abid
