{"version":"1.0","provider_name":"Kapitalis","provider_url":"https:\/\/kapitalis.com\/tunisie","title":"Environnement : La Tunisie s\u2019engage dans la finance climat - Kapitalis","type":"rich","width":600,"height":338,"html":"<blockquote class=\"wp-embedded-content\" data-secret=\"fcCx35oCiP\"><a href=\"https:\/\/kapitalis.com\/tunisie\/2019\/02\/25\/environnement-la-tunisie-sengage-dans-la-finance-climat\/\">Environnement : La Tunisie s\u2019engage dans la finance climat<\/a><\/blockquote><iframe sandbox=\"allow-scripts\" security=\"restricted\" src=\"https:\/\/kapitalis.com\/tunisie\/2019\/02\/25\/environnement-la-tunisie-sengage-dans-la-finance-climat\/embed\/#?secret=fcCx35oCiP\" width=\"600\" height=\"338\" title=\"\u00ab\u00a0Environnement : La Tunisie s\u2019engage dans la finance climat\u00a0\u00bb &#8212; Kapitalis\" data-secret=\"fcCx35oCiP\" frameborder=\"0\" marginwidth=\"0\" marginheight=\"0\" scrolling=\"no\" class=\"wp-embedded-content\"><\/iframe><script type=\"text\/javascript\">\n\/* <![CDATA[ *\/\n\/*! This file is auto-generated *\/\n!function(d,l){\"use strict\";l.querySelector&&d.addEventListener&&\"undefined\"!=typeof URL&&(d.wp=d.wp||{},d.wp.receiveEmbedMessage||(d.wp.receiveEmbedMessage=function(e){var t=e.data;if((t||t.secret||t.message||t.value)&&!\/[^a-zA-Z0-9]\/.test(t.secret)){for(var s,r,n,a=l.querySelectorAll('iframe[data-secret=\"'+t.secret+'\"]'),o=l.querySelectorAll('blockquote[data-secret=\"'+t.secret+'\"]'),c=new RegExp(\"^https?:$\",\"i\"),i=0;i<o.length;i++)o[i].style.display=\"none\";for(i=0;i<a.length;i++)s=a[i],e.source===s.contentWindow&&(s.removeAttribute(\"style\"),\"height\"===t.message?(1e3<(r=parseInt(t.value,10))?r=1e3:~~r<200&&(r=200),s.height=r):\"link\"===t.message&&(r=new URL(s.getAttribute(\"src\")),n=new URL(t.value),c.test(n.protocol))&&n.host===r.host&&l.activeElement===s&&(d.top.location.href=t.value))}},d.addEventListener(\"message\",d.wp.receiveEmbedMessage,!1),l.addEventListener(\"DOMContentLoaded\",function(){for(var e,t,s=l.querySelectorAll(\"iframe.wp-embedded-content\"),r=0;r<s.length;r++)(t=(e=s[r]).getAttribute(\"data-secret\"))||(t=Math.random().toString(36).substring(2,12),e.src+=\"#?secret=\"+t,e.setAttribute(\"data-secret\",t)),e.contentWindow.postMessage({message:\"ready\",secret:t},\"*\")},!1)))}(window,document);\n\/\/# sourceURL=https:\/\/kapitalis.com\/tunisie\/wp-includes\/js\/wp-embed.min.js\n\/* ]]> *\/\n<\/script>\n","thumbnail_url":"https:\/\/kapitalis.com\/tunisie\/wp-content\/uploads\/2022\/05\/kapitalis-logo-fb.png","thumbnail_width":1200,"thumbnail_height":630,"description":"Le projet Readiness-Tunisie: \u00abPr\u00e9paration de la Tunisie au financement par le Fonds vert pour le climat et appui \u00e0 la mise en place de l\u2019Autorit\u00e9 nationale d\u00e9sign\u00e9e\u00bb sera pr\u00e9sent\u00e9 demain, mardi 26 f\u00e9vrier 2019, \u00e0 l\u2019h\u00f4tel Sheraton, \u00e0 partir de 9h30."}

Le projet Readiness-Tunisie: «Préparation de la Tunisie au financement par le Fonds vert pour le climat et appui à la mise en place de l’Autorité nationale désignée» sera présenté demain, mardi 26 février 2019, à l’hôtel Sheraton, à partir de 9h30.
