{"version":"1.0","provider_name":"Kapitalis","provider_url":"https:\/\/kapitalis.com\/tunisie","title":"Tunisie : Un \u00abtoubib d\u2019entreprise\u00bb au chevet du syndicalisme - Kapitalis","type":"rich","width":600,"height":338,"html":"<blockquote class=\"wp-embedded-content\" data-secret=\"ryYmTu230F\"><a href=\"https:\/\/kapitalis.com\/tunisie\/2019\/04\/12\/tunisie-un-toubib-dentreprise-au-chevet-du-syndicalisme\/\">Tunisie : Un \u00abtoubib d\u2019entreprise\u00bb au chevet du syndicalisme<\/a><\/blockquote><iframe sandbox=\"allow-scripts\" security=\"restricted\" src=\"https:\/\/kapitalis.com\/tunisie\/2019\/04\/12\/tunisie-un-toubib-dentreprise-au-chevet-du-syndicalisme\/embed\/#?secret=ryYmTu230F\" width=\"600\" height=\"338\" title=\"\u00ab\u00a0Tunisie : Un \u00abtoubib d\u2019entreprise\u00bb au chevet du syndicalisme\u00a0\u00bb &#8212; Kapitalis\" data-secret=\"ryYmTu230F\" frameborder=\"0\" marginwidth=\"0\" marginheight=\"0\" scrolling=\"no\" class=\"wp-embedded-content\"><\/iframe><script type=\"text\/javascript\">\n\/* <![CDATA[ *\/\n\/*! This file is auto-generated *\/\n!function(d,l){\"use strict\";l.querySelector&&d.addEventListener&&\"undefined\"!=typeof URL&&(d.wp=d.wp||{},d.wp.receiveEmbedMessage||(d.wp.receiveEmbedMessage=function(e){var t=e.data;if((t||t.secret||t.message||t.value)&&!\/[^a-zA-Z0-9]\/.test(t.secret)){for(var s,r,n,a=l.querySelectorAll('iframe[data-secret=\"'+t.secret+'\"]'),o=l.querySelectorAll('blockquote[data-secret=\"'+t.secret+'\"]'),c=new RegExp(\"^https?:$\",\"i\"),i=0;i<o.length;i++)o[i].style.display=\"none\";for(i=0;i<a.length;i++)s=a[i],e.source===s.contentWindow&&(s.removeAttribute(\"style\"),\"height\"===t.message?(1e3<(r=parseInt(t.value,10))?r=1e3:~~r<200&&(r=200),s.height=r):\"link\"===t.message&&(r=new URL(s.getAttribute(\"src\")),n=new URL(t.value),c.test(n.protocol))&&n.host===r.host&&l.activeElement===s&&(d.top.location.href=t.value))}},d.addEventListener(\"message\",d.wp.receiveEmbedMessage,!1),l.addEventListener(\"DOMContentLoaded\",function(){for(var e,t,s=l.querySelectorAll(\"iframe.wp-embedded-content\"),r=0;r<s.length;r++)(t=(e=s[r]).getAttribute(\"data-secret\"))||(t=Math.random().toString(36).substring(2,12),e.src+=\"#?secret=\"+t,e.setAttribute(\"data-secret\",t)),e.contentWindow.postMessage({message:\"ready\",secret:t},\"*\")},!1)))}(window,document);\n\/\/# sourceURL=https:\/\/kapitalis.com\/tunisie\/wp-includes\/js\/wp-embed.min.js\n\/* ]]> *\/\n<\/script>\n","description":"&nbsp; La Conf\u00e9d\u00e9ration g\u00e9n\u00e9rale tunisienne du travail (CGTT) a choisi d\u2019amener un \u00abtoubib d\u2019entreprise\u00bb, en la personne de Pierre Guilbert, \u00e0 l\u2019atelier de r\u00e9flexion qu\u2019elle organise sur l\u2019avenir du travail et du syndicalisme en Tunisie, au si\u00e8ge de la CGTT, ce\u00a0 samedi 13 avril 2019 \u00e0 9h30.","thumbnail_url":"http:\/\/kapitalis.com\/tunisie\/wp-content\/uploads\/2017\/09\/CGTT.jpg"}

&nbsp; La Confédération générale tunisienne du travail (CGTT) a choisi d’amener un «toubib d’entreprise», en la personne de Pierre Guilbert, à l’atelier de réflexion qu’elle organise sur l’avenir du travail et du syndicalisme en Tunisie, au siège de la CGTT, ce  samedi 13 avril 2019 à 9h30.
