{"version":"1.0","provider_name":"Kapitalis","provider_url":"https:\/\/kapitalis.com\/tunisie","title":"Programme rectifi\u00e9 du Festival international de Hammamet - Kapitalis","type":"rich","width":600,"height":338,"html":"<blockquote class=\"wp-embedded-content\" data-secret=\"iuXbHXMSs4\"><a href=\"https:\/\/kapitalis.com\/tunisie\/2019\/07\/31\/programme-rectifie-du-festival-international-de-hammamet\/\">Programme rectifi\u00e9 du Festival international de Hammamet<\/a><\/blockquote><iframe sandbox=\"allow-scripts\" security=\"restricted\" src=\"https:\/\/kapitalis.com\/tunisie\/2019\/07\/31\/programme-rectifie-du-festival-international-de-hammamet\/embed\/#?secret=iuXbHXMSs4\" width=\"600\" height=\"338\" title=\"\u00ab\u00a0Programme rectifi\u00e9 du Festival international de Hammamet\u00a0\u00bb &#8212; Kapitalis\" data-secret=\"iuXbHXMSs4\" frameborder=\"0\" marginwidth=\"0\" marginheight=\"0\" scrolling=\"no\" class=\"wp-embedded-content\"><\/iframe><script type=\"text\/javascript\">\n\/* <![CDATA[ *\/\n\/*! This file is auto-generated *\/\n!function(d,l){\"use strict\";l.querySelector&&d.addEventListener&&\"undefined\"!=typeof URL&&(d.wp=d.wp||{},d.wp.receiveEmbedMessage||(d.wp.receiveEmbedMessage=function(e){var t=e.data;if((t||t.secret||t.message||t.value)&&!\/[^a-zA-Z0-9]\/.test(t.secret)){for(var s,r,n,a=l.querySelectorAll('iframe[data-secret=\"'+t.secret+'\"]'),o=l.querySelectorAll('blockquote[data-secret=\"'+t.secret+'\"]'),c=new RegExp(\"^https?:$\",\"i\"),i=0;i<o.length;i++)o[i].style.display=\"none\";for(i=0;i<a.length;i++)s=a[i],e.source===s.contentWindow&&(s.removeAttribute(\"style\"),\"height\"===t.message?(1e3<(r=parseInt(t.value,10))?r=1e3:~~r<200&&(r=200),s.height=r):\"link\"===t.message&&(r=new URL(s.getAttribute(\"src\")),n=new URL(t.value),c.test(n.protocol))&&n.host===r.host&&l.activeElement===s&&(d.top.location.href=t.value))}},d.addEventListener(\"message\",d.wp.receiveEmbedMessage,!1),l.addEventListener(\"DOMContentLoaded\",function(){for(var e,t,s=l.querySelectorAll(\"iframe.wp-embedded-content\"),r=0;r<s.length;r++)(t=(e=s[r]).getAttribute(\"data-secret\"))||(t=Math.random().toString(36).substring(2,12),e.src+=\"#?secret=\"+t,e.setAttribute(\"data-secret\",t)),e.contentWindow.postMessage({message:\"ready\",secret:t},\"*\")},!1)))}(window,document);\n\/\/# sourceURL=https:\/\/kapitalis.com\/tunisie\/wp-includes\/js\/wp-embed.min.js\n\/* ]]> *\/\n<\/script>\n","description":"Suite au d\u00e9c\u00e8s du pr\u00e9sident de la R\u00e9publique tunisienne B\u00e9ji Ca\u00efd Essebsi, le jeudi 25 juillet 2019, le minist\u00e8re des Affaires culturelles avait annonc\u00e9 la suspension de l\u2019ensemble des manifestations et festivals culturels durant la semaine du deuil observ\u00e9e.","thumbnail_url":"http:\/\/kapitalis.com\/tunisie\/wp-content\/uploads\/2019\/07\/Festival-de-Hammamet-2019.jpg"}

Programme rectifié du Festival international de Hammamet - Kapitalis

<blockquote class="wp-embedded-content" data-secret="iuXbHXMSs4"><a href="https://kapitalis.com/tunisie/2019/07/31/programme-rectifie-du-festival-international-de-hammamet/">Programme rectifié du Festival international de Hammamet</a></blockquote><iframe sandbox="allow-scripts" security="restricted" src="https://kapitalis.com/tunisie/2019/07/31/programme-rectifie-du-festival-international-de-hammamet/embed/#?secret=iuXbHXMSs4" width="600" height="338" title="« Programme rectifié du Festival international de Hammamet » &#8212; Kapitalis" data-secret="iuXbHXMSs4" frameborder="0" marginwidth="0" marginheight="0" scrolling="no" class="wp-embedded-content"></iframe><script type="text/javascript">
/* <![CDATA[ */
/*! This file is auto-generated */
!function(d,l){"use strict";l.querySelector&&d.addEventListener&&"undefined"!=typeof URL&&(d.wp=d.wp||{},d.wp.receiveEmbedMessage||(d.wp.receiveEmbedMessage=function(e){var t=e.data;if((t||t.secret||t.message||t.value)&&!/[^a-zA-Z0-9]/.test(t.secret)){for(var s,r,n,a=l.querySelectorAll('iframe[data-secret="'+t.secret+'"]'),o=l.querySelectorAll('blockquote[data-secret="'+t.secret+'"]'),c=new RegExp("^https?:$","i"),i=0;i<o.length;i++)o[i].style.display="none";for(i=0;i<a.length;i++)s=a[i],e.source===s.contentWindow&&(s.removeAttribute("style"),"height"===t.message?(1e3<(r=parseInt(t.value,10))?r=1e3:~~r<200&&(r=200),s.height=r):"link"===t.message&&(r=new URL(s.getAttribute("src")),n=new URL(t.value),c.test(n.protocol))&&n.host===r.host&&l.activeElement===s&&(d.top.location.href=t.value))}},d.addEventListener("message",d.wp.receiveEmbedMessage,!1),l.addEventListener("DOMContentLoaded",function(){for(var e,t,s=l.querySelectorAll("iframe.wp-embedded-content"),r=0;r<s.length;r++)(t=(e=s[r]).getAttribute("data-secret"))||(t=Math.random().toString(36).substring(2,12),e.src+="#?secret="+t,e.setAttribute("data-secret",t)),e.contentWindow.postMessage({message:"ready",secret:t},"*")},!1)))}(window,document);
//# sourceURL=https://kapitalis.com/tunisie/wp-includes/js/wp-embed.min.js
/* ]]> */
</script>

Suite au décès du président de la République tunisienne Béji Caïd Essebsi, le jeudi 25 juillet 2019, le ministère des Affaires culturelles avait annoncé la suspension de l’ensemble des manifestations et festivals culturels durant la semaine du deuil observée.
