{"version":"1.0","provider_name":"Kapitalis","provider_url":"https:\/\/kapitalis.com\/tunisie","title":"Le Salon digital de l\u2019emploi en Tunisie - Kapitalis","type":"rich","width":600,"height":338,"html":"<blockquote class=\"wp-embedded-content\" data-secret=\"uL9tqai6Gm\"><a href=\"https:\/\/kapitalis.com\/tunisie\/2021\/02\/16\/le-salon-digital-de-lemploi-en-tunisie\/\">Le Salon digital de l\u2019emploi en Tunisie<\/a><\/blockquote><iframe sandbox=\"allow-scripts\" security=\"restricted\" src=\"https:\/\/kapitalis.com\/tunisie\/2021\/02\/16\/le-salon-digital-de-lemploi-en-tunisie\/embed\/#?secret=uL9tqai6Gm\" width=\"600\" height=\"338\" title=\"\u00ab\u00a0Le Salon digital de l\u2019emploi en Tunisie\u00a0\u00bb &#8212; Kapitalis\" data-secret=\"uL9tqai6Gm\" frameborder=\"0\" marginwidth=\"0\" marginheight=\"0\" scrolling=\"no\" class=\"wp-embedded-content\"><\/iframe><script type=\"text\/javascript\">\n\/* <![CDATA[ *\/\n\/*! This file is auto-generated *\/\n!function(d,l){\"use strict\";l.querySelector&&d.addEventListener&&\"undefined\"!=typeof URL&&(d.wp=d.wp||{},d.wp.receiveEmbedMessage||(d.wp.receiveEmbedMessage=function(e){var t=e.data;if((t||t.secret||t.message||t.value)&&!\/[^a-zA-Z0-9]\/.test(t.secret)){for(var s,r,n,a=l.querySelectorAll('iframe[data-secret=\"'+t.secret+'\"]'),o=l.querySelectorAll('blockquote[data-secret=\"'+t.secret+'\"]'),c=new RegExp(\"^https?:$\",\"i\"),i=0;i<o.length;i++)o[i].style.display=\"none\";for(i=0;i<a.length;i++)s=a[i],e.source===s.contentWindow&&(s.removeAttribute(\"style\"),\"height\"===t.message?(1e3<(r=parseInt(t.value,10))?r=1e3:~~r<200&&(r=200),s.height=r):\"link\"===t.message&&(r=new URL(s.getAttribute(\"src\")),n=new URL(t.value),c.test(n.protocol))&&n.host===r.host&&l.activeElement===s&&(d.top.location.href=t.value))}},d.addEventListener(\"message\",d.wp.receiveEmbedMessage,!1),l.addEventListener(\"DOMContentLoaded\",function(){for(var e,t,s=l.querySelectorAll(\"iframe.wp-embedded-content\"),r=0;r<s.length;r++)(t=(e=s[r]).getAttribute(\"data-secret\"))||(t=Math.random().toString(36).substring(2,12),e.src+=\"#?secret=\"+t,e.setAttribute(\"data-secret\",t)),e.contentWindow.postMessage({message:\"ready\",secret:t},\"*\")},!1)))}(window,document);\n\/\/# sourceURL=https:\/\/kapitalis.com\/tunisie\/wp-includes\/js\/wp-embed.min.js\n\/* ]]> *\/\n<\/script>\n","thumbnail_url":"https:\/\/kapitalis.com\/tunisie\/wp-content\/uploads\/2022\/05\/kapitalis-logo-fb.png","thumbnail_width":1200,"thumbnail_height":630,"description":"Dans un contexte o\u00f9 les entreprises ont du mal \u00e0 combler le d\u00e9ficit de comp\u00e9tences et \u00e0 accro\u00eetre la diversit\u00e9, et o\u00f9 l\u2019acc\u00e8s \u00e0 l\u2019emploi rev\u00eat un enjeu majeur pour les jeunes dipl\u00f4m\u00e9s, l\u2019ULT sera au rendez-vous, le 19 f\u00e9vrier 2021, pour le Salon digital de l\u2019emploi co-organis\u00e9 avec les Centres 4C et Safrania Tunisie."}

Dans un contexte où les entreprises ont du mal à combler le déficit de compétences et à accroître la diversité, et où l’accès à l’emploi revêt un enjeu majeur pour les jeunes diplômés, l’ULT sera au rendez-vous, le 19 février 2021, pour le Salon digital de l’emploi co-organisé avec les Centres 4C et Safrania Tunisie.
