{"version":"1.0","provider_name":"Kapitalis","provider_url":"https:\/\/kapitalis.com\/tunisie","title":"Rafik Bouchlaka: \u00abAbir Moussi est une malade mentale\u00bb - Kapitalis","type":"rich","width":600,"height":338,"html":"<blockquote class=\"wp-embedded-content\" data-secret=\"TAQuecrp6F\"><a href=\"https:\/\/kapitalis.com\/tunisie\/2021\/03\/20\/rafik-bouchlaka-abir-moussi-est-une-malade-mentale\/\">Rafik Bouchlaka: \u00abAbir Moussi est une malade mentale\u00bb<\/a><\/blockquote><iframe sandbox=\"allow-scripts\" security=\"restricted\" src=\"https:\/\/kapitalis.com\/tunisie\/2021\/03\/20\/rafik-bouchlaka-abir-moussi-est-une-malade-mentale\/embed\/#?secret=TAQuecrp6F\" width=\"600\" height=\"338\" title=\"\u00ab\u00a0Rafik Bouchlaka: \u00abAbir Moussi est une malade mentale\u00bb\u00a0\u00bb &#8212; Kapitalis\" data-secret=\"TAQuecrp6F\" frameborder=\"0\" marginwidth=\"0\" marginheight=\"0\" scrolling=\"no\" class=\"wp-embedded-content\"><\/iframe><script type=\"text\/javascript\">\n\/* <![CDATA[ *\/\n\/*! This file is auto-generated *\/\n!function(d,l){\"use strict\";l.querySelector&&d.addEventListener&&\"undefined\"!=typeof URL&&(d.wp=d.wp||{},d.wp.receiveEmbedMessage||(d.wp.receiveEmbedMessage=function(e){var t=e.data;if((t||t.secret||t.message||t.value)&&!\/[^a-zA-Z0-9]\/.test(t.secret)){for(var s,r,n,a=l.querySelectorAll('iframe[data-secret=\"'+t.secret+'\"]'),o=l.querySelectorAll('blockquote[data-secret=\"'+t.secret+'\"]'),c=new RegExp(\"^https?:$\",\"i\"),i=0;i<o.length;i++)o[i].style.display=\"none\";for(i=0;i<a.length;i++)s=a[i],e.source===s.contentWindow&&(s.removeAttribute(\"style\"),\"height\"===t.message?(1e3<(r=parseInt(t.value,10))?r=1e3:~~r<200&&(r=200),s.height=r):\"link\"===t.message&&(r=new URL(s.getAttribute(\"src\")),n=new URL(t.value),c.test(n.protocol))&&n.host===r.host&&l.activeElement===s&&(d.top.location.href=t.value))}},d.addEventListener(\"message\",d.wp.receiveEmbedMessage,!1),l.addEventListener(\"DOMContentLoaded\",function(){for(var e,t,s=l.querySelectorAll(\"iframe.wp-embedded-content\"),r=0;r<s.length;r++)(t=(e=s[r]).getAttribute(\"data-secret\"))||(t=Math.random().toString(36).substring(2,12),e.src+=\"#?secret=\"+t,e.setAttribute(\"data-secret\",t)),e.contentWindow.postMessage({message:\"ready\",secret:t},\"*\")},!1)))}(window,document);\n\/\/# sourceURL=https:\/\/kapitalis.com\/tunisie\/wp-includes\/js\/wp-embed.min.js\n\/* ]]> *\/\n<\/script>\n","thumbnail_url":"https:\/\/kapitalis.com\/tunisie\/wp-content\/uploads\/2022\/05\/kapitalis-logo-fb.png","thumbnail_width":1200,"thumbnail_height":630,"description":"Rafik Bouchlaka, qui a fra\u00eechement ras\u00e9 sa moustache et chang\u00e9 de look, semble oisif mais tr\u00e8s aigri. Il n\u2019a ni un poste officiel au sein de l\u2019appareil d\u2019Etat et ni m\u00eame au sein d\u2019Ennahdha, le parti de son beau-p\u00e8re, Rached Ghannouchi, il a perdu sa place au sein du bureau ex\u00e9cutif. De ce fait, le..."}

Rafik Bouchlaka, qui a fraîchement rasé sa moustache et changé de look, semble oisif mais très aigri. Il n’a ni un poste officiel au sein de l’appareil d’Etat et ni même au sein d’Ennahdha, le parti de son beau-père, Rached Ghannouchi, il a perdu sa place au sein du bureau exécutif. De ce fait, le...
