{"version":"1.0","provider_name":"Kapitalis","provider_url":"https:\/\/kapitalis.com\/tunisie","title":"La la\u00efcit\u00e9 : sens, pr\u00e9jug\u00e9s et enjeux - Kapitalis","type":"rich","width":600,"height":338,"html":"<blockquote class=\"wp-embedded-content\" data-secret=\"c09MdDWo92\"><a href=\"https:\/\/kapitalis.com\/tunisie\/2021\/06\/01\/la-laicite-sens-prejuges-et-enjeux\/\">La la\u00efcit\u00e9 : sens, pr\u00e9jug\u00e9s et enjeux<\/a><\/blockquote><iframe sandbox=\"allow-scripts\" security=\"restricted\" src=\"https:\/\/kapitalis.com\/tunisie\/2021\/06\/01\/la-laicite-sens-prejuges-et-enjeux\/embed\/#?secret=c09MdDWo92\" width=\"600\" height=\"338\" title=\"\u00ab\u00a0La la\u00efcit\u00e9 : sens, pr\u00e9jug\u00e9s et enjeux\u00a0\u00bb &#8212; Kapitalis\" data-secret=\"c09MdDWo92\" frameborder=\"0\" marginwidth=\"0\" marginheight=\"0\" scrolling=\"no\" class=\"wp-embedded-content\"><\/iframe><script type=\"text\/javascript\">\n\/* <![CDATA[ *\/\n\/*! This file is auto-generated *\/\n!function(d,l){\"use strict\";l.querySelector&&d.addEventListener&&\"undefined\"!=typeof URL&&(d.wp=d.wp||{},d.wp.receiveEmbedMessage||(d.wp.receiveEmbedMessage=function(e){var t=e.data;if((t||t.secret||t.message||t.value)&&!\/[^a-zA-Z0-9]\/.test(t.secret)){for(var s,r,n,a=l.querySelectorAll('iframe[data-secret=\"'+t.secret+'\"]'),o=l.querySelectorAll('blockquote[data-secret=\"'+t.secret+'\"]'),c=new RegExp(\"^https?:$\",\"i\"),i=0;i<o.length;i++)o[i].style.display=\"none\";for(i=0;i<a.length;i++)s=a[i],e.source===s.contentWindow&&(s.removeAttribute(\"style\"),\"height\"===t.message?(1e3<(r=parseInt(t.value,10))?r=1e3:~~r<200&&(r=200),s.height=r):\"link\"===t.message&&(r=new URL(s.getAttribute(\"src\")),n=new URL(t.value),c.test(n.protocol))&&n.host===r.host&&l.activeElement===s&&(d.top.location.href=t.value))}},d.addEventListener(\"message\",d.wp.receiveEmbedMessage,!1),l.addEventListener(\"DOMContentLoaded\",function(){for(var e,t,s=l.querySelectorAll(\"iframe.wp-embedded-content\"),r=0;r<s.length;r++)(t=(e=s[r]).getAttribute(\"data-secret\"))||(t=Math.random().toString(36).substring(2,12),e.src+=\"#?secret=\"+t,e.setAttribute(\"data-secret\",t)),e.contentWindow.postMessage({message:\"ready\",secret:t},\"*\")},!1)))}(window,document);\n\/\/# sourceURL=https:\/\/kapitalis.com\/tunisie\/wp-includes\/js\/wp-embed.min.js\n\/* ]]> *\/\n<\/script>\n","description":"Texte de la conf\u00e9rence donn\u00e9e par l\u2019auteur \u00e0 l\u2019invitation de l\u2019Association d\u2019amiti\u00e9 arabo-juive (Raja-Tikva), dont il est un membre fondateur, et qui a \u00e9t\u00e9 cr\u00e9\u00e9e en 2002 pour faire face aux dangers que repr\u00e9sentaient \u2013 et repr\u00e9sentent encore \u2013 les pr\u00e9jug\u00e9s racistes opposant les Arabes et les Juifs. Et ce, avec les exigences d\u2019un vivre...","thumbnail_url":"http:\/\/kapitalis.com\/tunisie\/wp-content\/uploads\/2016\/01\/Tunisie-Laicite.jpg"}

La laïcité : sens, préjugés et enjeux - Kapitalis

<blockquote class="wp-embedded-content" data-secret="c09MdDWo92"><a href="https://kapitalis.com/tunisie/2021/06/01/la-laicite-sens-prejuges-et-enjeux/">La laïcité : sens, préjugés et enjeux</a></blockquote><iframe sandbox="allow-scripts" security="restricted" src="https://kapitalis.com/tunisie/2021/06/01/la-laicite-sens-prejuges-et-enjeux/embed/#?secret=c09MdDWo92" width="600" height="338" title="« La laïcité : sens, préjugés et enjeux » &#8212; Kapitalis" data-secret="c09MdDWo92" frameborder="0" marginwidth="0" marginheight="0" scrolling="no" class="wp-embedded-content"></iframe><script type="text/javascript">
/* <![CDATA[ */
/*! This file is auto-generated */
!function(d,l){"use strict";l.querySelector&&d.addEventListener&&"undefined"!=typeof URL&&(d.wp=d.wp||{},d.wp.receiveEmbedMessage||(d.wp.receiveEmbedMessage=function(e){var t=e.data;if((t||t.secret||t.message||t.value)&&!/[^a-zA-Z0-9]/.test(t.secret)){for(var s,r,n,a=l.querySelectorAll('iframe[data-secret="'+t.secret+'"]'),o=l.querySelectorAll('blockquote[data-secret="'+t.secret+'"]'),c=new RegExp("^https?:$","i"),i=0;i<o.length;i++)o[i].style.display="none";for(i=0;i<a.length;i++)s=a[i],e.source===s.contentWindow&&(s.removeAttribute("style"),"height"===t.message?(1e3<(r=parseInt(t.value,10))?r=1e3:~~r<200&&(r=200),s.height=r):"link"===t.message&&(r=new URL(s.getAttribute("src")),n=new URL(t.value),c.test(n.protocol))&&n.host===r.host&&l.activeElement===s&&(d.top.location.href=t.value))}},d.addEventListener("message",d.wp.receiveEmbedMessage,!1),l.addEventListener("DOMContentLoaded",function(){for(var e,t,s=l.querySelectorAll("iframe.wp-embedded-content"),r=0;r<s.length;r++)(t=(e=s[r]).getAttribute("data-secret"))||(t=Math.random().toString(36).substring(2,12),e.src+="#?secret="+t,e.setAttribute("data-secret",t)),e.contentWindow.postMessage({message:"ready",secret:t},"*")},!1)))}(window,document);
//# sourceURL=https://kapitalis.com/tunisie/wp-includes/js/wp-embed.min.js
/* ]]> */
</script>

Texte de la conférence donnée par l’auteur à l’invitation de l’Association d’amitié arabo-juive (Raja-Tikva), dont il est un membre fondateur, et qui a été créée en 2002 pour faire face aux dangers que représentaient – et représentent encore – les préjugés racistes opposant les Arabes et les Juifs. Et ce, avec les exigences d’un vivre...
