{"version":"1.0","provider_name":"Kapitalis","provider_url":"https:\/\/kapitalis.com\/tunisie","title":"Le po\u00e8me du dimanche : \u00abMer\u00bb de Mamdouh Adwan - Kapitalis","type":"rich","width":600,"height":338,"html":"<blockquote class=\"wp-embedded-content\" data-secret=\"JdmNFAgi1N\"><a href=\"https:\/\/kapitalis.com\/tunisie\/2021\/10\/17\/le-poeme-du-dimanche-mer-de-mamdouh-adwan\/\">Le po\u00e8me du dimanche : \u00abMer\u00bb de Mamdouh Adwan<\/a><\/blockquote><iframe sandbox=\"allow-scripts\" security=\"restricted\" src=\"https:\/\/kapitalis.com\/tunisie\/2021\/10\/17\/le-poeme-du-dimanche-mer-de-mamdouh-adwan\/embed\/#?secret=JdmNFAgi1N\" width=\"600\" height=\"338\" title=\"\u00ab\u00a0Le po\u00e8me du dimanche : \u00abMer\u00bb de Mamdouh Adwan\u00a0\u00bb &#8212; Kapitalis\" data-secret=\"JdmNFAgi1N\" frameborder=\"0\" marginwidth=\"0\" marginheight=\"0\" scrolling=\"no\" class=\"wp-embedded-content\"><\/iframe><script type=\"text\/javascript\">\n\/* <![CDATA[ *\/\n\/*! This file is auto-generated *\/\n!function(d,l){\"use strict\";l.querySelector&&d.addEventListener&&\"undefined\"!=typeof URL&&(d.wp=d.wp||{},d.wp.receiveEmbedMessage||(d.wp.receiveEmbedMessage=function(e){var t=e.data;if((t||t.secret||t.message||t.value)&&!\/[^a-zA-Z0-9]\/.test(t.secret)){for(var s,r,n,a=l.querySelectorAll('iframe[data-secret=\"'+t.secret+'\"]'),o=l.querySelectorAll('blockquote[data-secret=\"'+t.secret+'\"]'),c=new RegExp(\"^https?:$\",\"i\"),i=0;i<o.length;i++)o[i].style.display=\"none\";for(i=0;i<a.length;i++)s=a[i],e.source===s.contentWindow&&(s.removeAttribute(\"style\"),\"height\"===t.message?(1e3<(r=parseInt(t.value,10))?r=1e3:~~r<200&&(r=200),s.height=r):\"link\"===t.message&&(r=new URL(s.getAttribute(\"src\")),n=new URL(t.value),c.test(n.protocol))&&n.host===r.host&&l.activeElement===s&&(d.top.location.href=t.value))}},d.addEventListener(\"message\",d.wp.receiveEmbedMessage,!1),l.addEventListener(\"DOMContentLoaded\",function(){for(var e,t,s=l.querySelectorAll(\"iframe.wp-embedded-content\"),r=0;r<s.length;r++)(t=(e=s[r]).getAttribute(\"data-secret\"))||(t=Math.random().toString(36).substring(2,12),e.src+=\"#?secret=\"+t,e.setAttribute(\"data-secret\",t)),e.contentWindow.postMessage({message:\"ready\",secret:t},\"*\")},!1)))}(window,document);\n\/\/# sourceURL=https:\/\/kapitalis.com\/tunisie\/wp-includes\/js\/wp-embed.min.js\n\/* ]]> *\/\n<\/script>\n","thumbnail_url":"https:\/\/kapitalis.com\/tunisie\/wp-content\/uploads\/2022\/05\/kapitalis-logo-fb.png","thumbnail_width":1200,"thumbnail_height":630,"description":"J\u2019ai rencontr\u00e9 le po\u00e8te syrien Mamdouh Adwan en l\u2019an 2000, lors d\u2019un Printemps de po\u00e8tes, consacr\u00e9 \u00e0 l\u2019esp\u00e9rance, qui se d\u00e9roulait \u00e0 l\u2019Institut du monde arabe (IMA), \u00e0 Paris, et auquel prenaient part, des po\u00e8tes arabes et fran\u00e7ais. Il m\u2019avait confi\u00e9 ce po\u00e8me. Le voici traduit&#8230;"}

Le poème du dimanche : «Mer» de Mamdouh Adwan - Kapitalis

<blockquote class="wp-embedded-content" data-secret="JdmNFAgi1N"><a href="https://kapitalis.com/tunisie/2021/10/17/le-poeme-du-dimanche-mer-de-mamdouh-adwan/">Le poème du dimanche : «Mer» de Mamdouh Adwan</a></blockquote><iframe sandbox="allow-scripts" security="restricted" src="https://kapitalis.com/tunisie/2021/10/17/le-poeme-du-dimanche-mer-de-mamdouh-adwan/embed/#?secret=JdmNFAgi1N" width="600" height="338" title="« Le poème du dimanche : «Mer» de Mamdouh Adwan » &#8212; Kapitalis" data-secret="JdmNFAgi1N" frameborder="0" marginwidth="0" marginheight="0" scrolling="no" class="wp-embedded-content"></iframe><script type="text/javascript">
/* <![CDATA[ */
/*! This file is auto-generated */
!function(d,l){"use strict";l.querySelector&&d.addEventListener&&"undefined"!=typeof URL&&(d.wp=d.wp||{},d.wp.receiveEmbedMessage||(d.wp.receiveEmbedMessage=function(e){var t=e.data;if((t||t.secret||t.message||t.value)&&!/[^a-zA-Z0-9]/.test(t.secret)){for(var s,r,n,a=l.querySelectorAll('iframe[data-secret="'+t.secret+'"]'),o=l.querySelectorAll('blockquote[data-secret="'+t.secret+'"]'),c=new RegExp("^https?:$","i"),i=0;i<o.length;i++)o[i].style.display="none";for(i=0;i<a.length;i++)s=a[i],e.source===s.contentWindow&&(s.removeAttribute("style"),"height"===t.message?(1e3<(r=parseInt(t.value,10))?r=1e3:~~r<200&&(r=200),s.height=r):"link"===t.message&&(r=new URL(s.getAttribute("src")),n=new URL(t.value),c.test(n.protocol))&&n.host===r.host&&l.activeElement===s&&(d.top.location.href=t.value))}},d.addEventListener("message",d.wp.receiveEmbedMessage,!1),l.addEventListener("DOMContentLoaded",function(){for(var e,t,s=l.querySelectorAll("iframe.wp-embedded-content"),r=0;r<s.length;r++)(t=(e=s[r]).getAttribute("data-secret"))||(t=Math.random().toString(36).substring(2,12),e.src+="#?secret="+t,e.setAttribute("data-secret",t)),e.contentWindow.postMessage({message:"ready",secret:t},"*")},!1)))}(window,document);
//# sourceURL=https://kapitalis.com/tunisie/wp-includes/js/wp-embed.min.js
/* ]]> */
</script>

J’ai rencontré le poète syrien Mamdouh Adwan en l’an 2000, lors d’un Printemps de poètes, consacré à l’espérance, qui se déroulait à l’Institut du monde arabe (IMA), à Paris, et auquel prenaient part, des poètes arabes et français. Il m’avait confié ce poème. Le voici traduit&#8230;
