{"version":"1.0","provider_name":"Kapitalis","provider_url":"https:\/\/kapitalis.com\/tunisie","title":"Tunisie : Report du proc\u00e8s de Seifeddine Makhlouf - Kapitalis","type":"rich","width":600,"height":338,"html":"<blockquote class=\"wp-embedded-content\" data-secret=\"fvukE7sXoC\"><a href=\"https:\/\/kapitalis.com\/tunisie\/2021\/12\/20\/tunisie-report-du-proces-de-seifeddine-makhlouf\/\">Tunisie : Report du proc\u00e8s de Seifeddine Makhlouf<\/a><\/blockquote><iframe sandbox=\"allow-scripts\" security=\"restricted\" src=\"https:\/\/kapitalis.com\/tunisie\/2021\/12\/20\/tunisie-report-du-proces-de-seifeddine-makhlouf\/embed\/#?secret=fvukE7sXoC\" width=\"600\" height=\"338\" title=\"\u00ab\u00a0Tunisie : Report du proc\u00e8s de Seifeddine Makhlouf\u00a0\u00bb &#8212; Kapitalis\" data-secret=\"fvukE7sXoC\" frameborder=\"0\" marginwidth=\"0\" marginheight=\"0\" scrolling=\"no\" class=\"wp-embedded-content\"><\/iframe><script type=\"text\/javascript\">\n\/* <![CDATA[ *\/\n\/*! This file is auto-generated *\/\n!function(d,l){\"use strict\";l.querySelector&&d.addEventListener&&\"undefined\"!=typeof URL&&(d.wp=d.wp||{},d.wp.receiveEmbedMessage||(d.wp.receiveEmbedMessage=function(e){var t=e.data;if((t||t.secret||t.message||t.value)&&!\/[^a-zA-Z0-9]\/.test(t.secret)){for(var s,r,n,a=l.querySelectorAll('iframe[data-secret=\"'+t.secret+'\"]'),o=l.querySelectorAll('blockquote[data-secret=\"'+t.secret+'\"]'),c=new RegExp(\"^https?:$\",\"i\"),i=0;i<o.length;i++)o[i].style.display=\"none\";for(i=0;i<a.length;i++)s=a[i],e.source===s.contentWindow&&(s.removeAttribute(\"style\"),\"height\"===t.message?(1e3<(r=parseInt(t.value,10))?r=1e3:~~r<200&&(r=200),s.height=r):\"link\"===t.message&&(r=new URL(s.getAttribute(\"src\")),n=new URL(t.value),c.test(n.protocol))&&n.host===r.host&&l.activeElement===s&&(d.top.location.href=t.value))}},d.addEventListener(\"message\",d.wp.receiveEmbedMessage,!1),l.addEventListener(\"DOMContentLoaded\",function(){for(var e,t,s=l.querySelectorAll(\"iframe.wp-embedded-content\"),r=0;r<s.length;r++)(t=(e=s[r]).getAttribute(\"data-secret\"))||(t=Math.random().toString(36).substring(2,12),e.src+=\"#?secret=\"+t,e.setAttribute(\"data-secret\",t)),e.contentWindow.postMessage({message:\"ready\",secret:t},\"*\")},!1)))}(window,document);\n\/\/# sourceURL=https:\/\/kapitalis.com\/tunisie\/wp-includes\/js\/wp-embed.min.js\n\/* ]]> *\/\n<\/script>\n","description":"Pour la deuxi\u00e8me fois en cinq jours, le proc\u00e8s du chef de la coalition Al-Karama, Seifeddine Makhlouf, a \u00e9t\u00e9 report\u00e9 par la sixi\u00e8me Chambre p\u00e9nale pr\u00e8s du Tribunal de premi\u00e8re instance de Tunis, ce lundi 20 d\u00e9cembre 2021, dans le cadre de l\u2019affaire port\u00e9e \u00e0 son encontre par le procureur de la r\u00e9publique pr\u00e9s du...","thumbnail_url":"http:\/\/kapitalis.com\/tunisie\/wp-content\/uploads\/2020\/07\/Seifeddine-Makhlouf-1.jpg"}

Tunisie : Report du procès de Seifeddine Makhlouf - Kapitalis

<blockquote class="wp-embedded-content" data-secret="fvukE7sXoC"><a href="https://kapitalis.com/tunisie/2021/12/20/tunisie-report-du-proces-de-seifeddine-makhlouf/">Tunisie : Report du procès de Seifeddine Makhlouf</a></blockquote><iframe sandbox="allow-scripts" security="restricted" src="https://kapitalis.com/tunisie/2021/12/20/tunisie-report-du-proces-de-seifeddine-makhlouf/embed/#?secret=fvukE7sXoC" width="600" height="338" title="« Tunisie : Report du procès de Seifeddine Makhlouf » &#8212; Kapitalis" data-secret="fvukE7sXoC" frameborder="0" marginwidth="0" marginheight="0" scrolling="no" class="wp-embedded-content"></iframe><script type="text/javascript">
/* <![CDATA[ */
/*! This file is auto-generated */
!function(d,l){"use strict";l.querySelector&&d.addEventListener&&"undefined"!=typeof URL&&(d.wp=d.wp||{},d.wp.receiveEmbedMessage||(d.wp.receiveEmbedMessage=function(e){var t=e.data;if((t||t.secret||t.message||t.value)&&!/[^a-zA-Z0-9]/.test(t.secret)){for(var s,r,n,a=l.querySelectorAll('iframe[data-secret="'+t.secret+'"]'),o=l.querySelectorAll('blockquote[data-secret="'+t.secret+'"]'),c=new RegExp("^https?:$","i"),i=0;i<o.length;i++)o[i].style.display="none";for(i=0;i<a.length;i++)s=a[i],e.source===s.contentWindow&&(s.removeAttribute("style"),"height"===t.message?(1e3<(r=parseInt(t.value,10))?r=1e3:~~r<200&&(r=200),s.height=r):"link"===t.message&&(r=new URL(s.getAttribute("src")),n=new URL(t.value),c.test(n.protocol))&&n.host===r.host&&l.activeElement===s&&(d.top.location.href=t.value))}},d.addEventListener("message",d.wp.receiveEmbedMessage,!1),l.addEventListener("DOMContentLoaded",function(){for(var e,t,s=l.querySelectorAll("iframe.wp-embedded-content"),r=0;r<s.length;r++)(t=(e=s[r]).getAttribute("data-secret"))||(t=Math.random().toString(36).substring(2,12),e.src+="#?secret="+t,e.setAttribute("data-secret",t)),e.contentWindow.postMessage({message:"ready",secret:t},"*")},!1)))}(window,document);
//# sourceURL=https://kapitalis.com/tunisie/wp-includes/js/wp-embed.min.js
/* ]]> */
</script>

Pour la deuxième fois en cinq jours, le procès du chef de la coalition Al-Karama, Seifeddine Makhlouf, a été reporté par la sixième Chambre pénale près du Tribunal de première instance de Tunis, ce lundi 20 décembre 2021, dans le cadre de l’affaire portée à son encontre par le procureur de la république prés du...
