{"version":"1.0","provider_name":"Kapitalis","provider_url":"https:\/\/kapitalis.com\/tunisie","title":"Tunisie: crise \u00e9conomique et crise des \u00e9conomistes - Kapitalis","type":"rich","width":600,"height":338,"html":"<blockquote class=\"wp-embedded-content\" data-secret=\"bLXIFPVTBn\"><a href=\"https:\/\/kapitalis.com\/tunisie\/2022\/03\/06\/tunisie-crise-economique-et-crise-des-economistes\/\">Tunisie: crise \u00e9conomique et crise des \u00e9conomistes<\/a><\/blockquote><iframe sandbox=\"allow-scripts\" security=\"restricted\" src=\"https:\/\/kapitalis.com\/tunisie\/2022\/03\/06\/tunisie-crise-economique-et-crise-des-economistes\/embed\/#?secret=bLXIFPVTBn\" width=\"600\" height=\"338\" title=\"\u00ab\u00a0Tunisie: crise \u00e9conomique et crise des \u00e9conomistes\u00a0\u00bb &#8212; Kapitalis\" data-secret=\"bLXIFPVTBn\" frameborder=\"0\" marginwidth=\"0\" marginheight=\"0\" scrolling=\"no\" class=\"wp-embedded-content\"><\/iframe><script type=\"text\/javascript\">\n\/* <![CDATA[ *\/\n\/*! This file is auto-generated *\/\n!function(d,l){\"use strict\";l.querySelector&&d.addEventListener&&\"undefined\"!=typeof URL&&(d.wp=d.wp||{},d.wp.receiveEmbedMessage||(d.wp.receiveEmbedMessage=function(e){var t=e.data;if((t||t.secret||t.message||t.value)&&!\/[^a-zA-Z0-9]\/.test(t.secret)){for(var s,r,n,a=l.querySelectorAll('iframe[data-secret=\"'+t.secret+'\"]'),o=l.querySelectorAll('blockquote[data-secret=\"'+t.secret+'\"]'),c=new RegExp(\"^https?:$\",\"i\"),i=0;i<o.length;i++)o[i].style.display=\"none\";for(i=0;i<a.length;i++)s=a[i],e.source===s.contentWindow&&(s.removeAttribute(\"style\"),\"height\"===t.message?(1e3<(r=parseInt(t.value,10))?r=1e3:~~r<200&&(r=200),s.height=r):\"link\"===t.message&&(r=new URL(s.getAttribute(\"src\")),n=new URL(t.value),c.test(n.protocol))&&n.host===r.host&&l.activeElement===s&&(d.top.location.href=t.value))}},d.addEventListener(\"message\",d.wp.receiveEmbedMessage,!1),l.addEventListener(\"DOMContentLoaded\",function(){for(var e,t,s=l.querySelectorAll(\"iframe.wp-embedded-content\"),r=0;r<s.length;r++)(t=(e=s[r]).getAttribute(\"data-secret\"))||(t=Math.random().toString(36).substring(2,12),e.src+=\"#?secret=\"+t,e.setAttribute(\"data-secret\",t)),e.contentWindow.postMessage({message:\"ready\",secret:t},\"*\")},!1)))}(window,document);\n\/\/# sourceURL=https:\/\/kapitalis.com\/tunisie\/wp-includes\/js\/wp-embed.min.js\n\/* ]]> *\/\n<\/script>\n","thumbnail_url":"https:\/\/kapitalis.com\/tunisie\/wp-content\/uploads\/2022\/05\/kapitalis-logo-fb.png","thumbnail_width":1200,"thumbnail_height":630,"description":"C\u2019est grave, les \u00e9conomistes tunisiens sont de moins en moins cr\u00e9dibles. Le pr\u00e9sident de la r\u00e9publique Ka\u00efs Sa\u00efed, n\u2019a pas un seul \u00e9conomiste patent\u00e9 dans son \u00e9quipe. Idem pour la cheffe de gouvernement Najla Bouden. Face au FMI, qu&rsquo;elle sollicite pour un nouveau pr\u00eat dont ses finances publiques a vivement besoin, la Tunisie discute sans..."}

Tunisie: crise économique et crise des économistes - Kapitalis

<blockquote class="wp-embedded-content" data-secret="bLXIFPVTBn"><a href="https://kapitalis.com/tunisie/2022/03/06/tunisie-crise-economique-et-crise-des-economistes/">Tunisie: crise économique et crise des économistes</a></blockquote><iframe sandbox="allow-scripts" security="restricted" src="https://kapitalis.com/tunisie/2022/03/06/tunisie-crise-economique-et-crise-des-economistes/embed/#?secret=bLXIFPVTBn" width="600" height="338" title="« Tunisie: crise économique et crise des économistes » &#8212; Kapitalis" data-secret="bLXIFPVTBn" frameborder="0" marginwidth="0" marginheight="0" scrolling="no" class="wp-embedded-content"></iframe><script type="text/javascript">
/* <![CDATA[ */
/*! This file is auto-generated */
!function(d,l){"use strict";l.querySelector&&d.addEventListener&&"undefined"!=typeof URL&&(d.wp=d.wp||{},d.wp.receiveEmbedMessage||(d.wp.receiveEmbedMessage=function(e){var t=e.data;if((t||t.secret||t.message||t.value)&&!/[^a-zA-Z0-9]/.test(t.secret)){for(var s,r,n,a=l.querySelectorAll('iframe[data-secret="'+t.secret+'"]'),o=l.querySelectorAll('blockquote[data-secret="'+t.secret+'"]'),c=new RegExp("^https?:$","i"),i=0;i<o.length;i++)o[i].style.display="none";for(i=0;i<a.length;i++)s=a[i],e.source===s.contentWindow&&(s.removeAttribute("style"),"height"===t.message?(1e3<(r=parseInt(t.value,10))?r=1e3:~~r<200&&(r=200),s.height=r):"link"===t.message&&(r=new URL(s.getAttribute("src")),n=new URL(t.value),c.test(n.protocol))&&n.host===r.host&&l.activeElement===s&&(d.top.location.href=t.value))}},d.addEventListener("message",d.wp.receiveEmbedMessage,!1),l.addEventListener("DOMContentLoaded",function(){for(var e,t,s=l.querySelectorAll("iframe.wp-embedded-content"),r=0;r<s.length;r++)(t=(e=s[r]).getAttribute("data-secret"))||(t=Math.random().toString(36).substring(2,12),e.src+="#?secret="+t,e.setAttribute("data-secret",t)),e.contentWindow.postMessage({message:"ready",secret:t},"*")},!1)))}(window,document);
//# sourceURL=https://kapitalis.com/tunisie/wp-includes/js/wp-embed.min.js
/* ]]> */
</script>

C’est grave, les économistes tunisiens sont de moins en moins crédibles. Le président de la république Kaïs Saïed, n’a pas un seul économiste patenté dans son équipe. Idem pour la cheffe de gouvernement Najla Bouden. Face au FMI, qu&rsquo;elle sollicite pour un nouveau prêt dont ses finances publiques a vivement besoin, la Tunisie discute sans...
