{"version":"1.0","provider_name":"Kapitalis","provider_url":"https:\/\/kapitalis.com\/tunisie","title":"Cin\u00e9ma tunisien : \"Ennafoura\", prochain film de Salma Baccar - Kapitalis","type":"rich","width":600,"height":338,"html":"<blockquote class=\"wp-embedded-content\" data-secret=\"XUv4SiT8WH\"><a href=\"https:\/\/kapitalis.com\/tunisie\/2023\/04\/06\/cinema-tunisien-ennafoura-prochain-film-de-salma-baccar\/\">Cin\u00e9ma tunisien : \u00ab\u00a0Ennafoura\u00a0\u00bb, prochain film de Salma Baccar<\/a><\/blockquote><iframe sandbox=\"allow-scripts\" security=\"restricted\" src=\"https:\/\/kapitalis.com\/tunisie\/2023\/04\/06\/cinema-tunisien-ennafoura-prochain-film-de-salma-baccar\/embed\/#?secret=XUv4SiT8WH\" width=\"600\" height=\"338\" title=\"\u00ab\u00a0Cin\u00e9ma tunisien : \u00ab\u00a0Ennafoura\u00a0\u00bb, prochain film de Salma Baccar\u00a0\u00bb &#8212; Kapitalis\" data-secret=\"XUv4SiT8WH\" frameborder=\"0\" marginwidth=\"0\" marginheight=\"0\" scrolling=\"no\" class=\"wp-embedded-content\"><\/iframe><script type=\"text\/javascript\">\n\/* <![CDATA[ *\/\n\/*! This file is auto-generated *\/\n!function(d,l){\"use strict\";l.querySelector&&d.addEventListener&&\"undefined\"!=typeof URL&&(d.wp=d.wp||{},d.wp.receiveEmbedMessage||(d.wp.receiveEmbedMessage=function(e){var t=e.data;if((t||t.secret||t.message||t.value)&&!\/[^a-zA-Z0-9]\/.test(t.secret)){for(var s,r,n,a=l.querySelectorAll('iframe[data-secret=\"'+t.secret+'\"]'),o=l.querySelectorAll('blockquote[data-secret=\"'+t.secret+'\"]'),c=new RegExp(\"^https?:$\",\"i\"),i=0;i<o.length;i++)o[i].style.display=\"none\";for(i=0;i<a.length;i++)s=a[i],e.source===s.contentWindow&&(s.removeAttribute(\"style\"),\"height\"===t.message?(1e3<(r=parseInt(t.value,10))?r=1e3:~~r<200&&(r=200),s.height=r):\"link\"===t.message&&(r=new URL(s.getAttribute(\"src\")),n=new URL(t.value),c.test(n.protocol))&&n.host===r.host&&l.activeElement===s&&(d.top.location.href=t.value))}},d.addEventListener(\"message\",d.wp.receiveEmbedMessage,!1),l.addEventListener(\"DOMContentLoaded\",function(){for(var e,t,s=l.querySelectorAll(\"iframe.wp-embedded-content\"),r=0;r<s.length;r++)(t=(e=s[r]).getAttribute(\"data-secret\"))||(t=Math.random().toString(36).substring(2,12),e.src+=\"#?secret=\"+t,e.setAttribute(\"data-secret\",t)),e.contentWindow.postMessage({message:\"ready\",secret:t},\"*\")},!1)))}(window,document);\n\/\/# sourceURL=https:\/\/kapitalis.com\/tunisie\/wp-includes\/js\/wp-embed.min.js\n\/* ]]> *\/\n<\/script>\n","thumbnail_url":"https:\/\/kapitalis.com\/tunisie\/wp-content\/uploads\/2023\/04\/Salma-Baccar.jpg","thumbnail_width":1200,"thumbnail_height":630,"description":"Six ans apr\u00e8s la sortie de son dernier film \u00ab\u00a0El Ja\u00efda\u00a0\u00bb, la cin\u00e9aste tunisienne Salma Baccar annonce son prochain projet de film qui s\u2019intitulera \u00ab\u00a0Ennafoura\u00a0\u00bb en r\u00e9f\u00e9rence \u00e0 la fontaine de la place du Bardo o\u00f9 avait eu lieu le sit-in Errahil en 2013."}

Cinéma tunisien : "Ennafoura", prochain film de Salma Baccar - Kapitalis

<blockquote class="wp-embedded-content" data-secret="XUv4SiT8WH"><a href="https://kapitalis.com/tunisie/2023/04/06/cinema-tunisien-ennafoura-prochain-film-de-salma-baccar/">Cinéma tunisien : « Ennafoura », prochain film de Salma Baccar</a></blockquote><iframe sandbox="allow-scripts" security="restricted" src="https://kapitalis.com/tunisie/2023/04/06/cinema-tunisien-ennafoura-prochain-film-de-salma-baccar/embed/#?secret=XUv4SiT8WH" width="600" height="338" title="« Cinéma tunisien : « Ennafoura », prochain film de Salma Baccar » &#8212; Kapitalis" data-secret="XUv4SiT8WH" frameborder="0" marginwidth="0" marginheight="0" scrolling="no" class="wp-embedded-content"></iframe><script type="text/javascript">
/* <![CDATA[ */
/*! This file is auto-generated */
!function(d,l){"use strict";l.querySelector&&d.addEventListener&&"undefined"!=typeof URL&&(d.wp=d.wp||{},d.wp.receiveEmbedMessage||(d.wp.receiveEmbedMessage=function(e){var t=e.data;if((t||t.secret||t.message||t.value)&&!/[^a-zA-Z0-9]/.test(t.secret)){for(var s,r,n,a=l.querySelectorAll('iframe[data-secret="'+t.secret+'"]'),o=l.querySelectorAll('blockquote[data-secret="'+t.secret+'"]'),c=new RegExp("^https?:$","i"),i=0;i<o.length;i++)o[i].style.display="none";for(i=0;i<a.length;i++)s=a[i],e.source===s.contentWindow&&(s.removeAttribute("style"),"height"===t.message?(1e3<(r=parseInt(t.value,10))?r=1e3:~~r<200&&(r=200),s.height=r):"link"===t.message&&(r=new URL(s.getAttribute("src")),n=new URL(t.value),c.test(n.protocol))&&n.host===r.host&&l.activeElement===s&&(d.top.location.href=t.value))}},d.addEventListener("message",d.wp.receiveEmbedMessage,!1),l.addEventListener("DOMContentLoaded",function(){for(var e,t,s=l.querySelectorAll("iframe.wp-embedded-content"),r=0;r<s.length;r++)(t=(e=s[r]).getAttribute("data-secret"))||(t=Math.random().toString(36).substring(2,12),e.src+="#?secret="+t,e.setAttribute("data-secret",t)),e.contentWindow.postMessage({message:"ready",secret:t},"*")},!1)))}(window,document);
//# sourceURL=https://kapitalis.com/tunisie/wp-includes/js/wp-embed.min.js
/* ]]> */
</script>

Six ans après la sortie de son dernier film « El Jaïda », la cinéaste tunisienne Salma Baccar annonce son prochain projet de film qui s’intitulera « Ennafoura » en référence à la fontaine de la place du Bardo où avait eu lieu le sit-in Errahil en 2013.
